 + r - 3409 = 0. Is x a prime number?
False
Let a(i) = 25*i**3 - 4*i**2 - 2*i + 1. Let g be a(-1). Let u(r) = -r**2 - 19*r - 7. Let t be u(-8). Let s = t + g. Is s prime?
False
Let l(r) be the first derivative of 2*r**3/3 + 7*r**2 - 7*r - 40. Let a(y) = -y - 17. Let t be a(-7). Is l(t) a prime number?
True
Suppose 15 = 2*i + 5. Suppose 3 + 27 = -i*z. Is (-1510)/z - (-18)/(-27) composite?
False
Suppose 305 = h + 4*h. Suppose h = 3*t - 104. Is t composite?
True
Is -3*1/(-12) - 87843/(-4) a prime number?
True
Let t(p) = -p**2 - 8*p + 22. Let c be t(-10). Suppose -5*j + c*h + 1107 = 0, -5*h = -3*j + j + 426. Is j prime?
True
Suppose -3*q + 18183 = -3*s, -10*q - 5*s = -7*q - 18215. Is q composite?
True
Let h(s) = 80*s**2 - 31*s + 177. Is h(16) a prime number?
True
Let u(o) = -2*o**3 - 3*o**2 + 7*o - 4. Let d be u(-8). Suppose 6*n - d = -34. Is n prime?
False
Suppose -4*r = 5*z - 72 - 1068, 570 = 2*r + 2*z. Is r*(5 + -1) + 9 + -12 a prime number?
False
Suppose -5*x + 4 - 10 = -3*z, -2*x - z + 2 = 0. Suppose 3*s - 2*w - 1321 = 0, x = -0*s - 4*s - 5*w + 1723. Is s a composite number?
True
Suppose d - 6 = 4*d. Let p(i) = 4*i**2 - 13*i - 9. Let l(j) = 15*j**2 - 51*j - 37. Let f(w) = d*l(w) + 9*p(w). Is f(-6) a prime number?
False
Let v be (2/(-5) - 0)/((-4)/380). Suppose -36*n + v*n = 886. Is n composite?
False
Suppose 0 = 5*i + p + 6538 - 22196, 2*p + 9387 = 3*i. Is i composite?
True
Let y = -3 + 5. Suppose -y*l - 2*f + 6 = 0, 7*f - 12 = 3*l + 3*f. Suppose -3*t + w = -762, 2*t + 5*w = -l*t + 491. Is t prime?
False
Let o = -28 - -6. Let i(g) = -45*g - 37. Is i(o) prime?
True
Let t be 4/10 + (-46)/(-10). Suppose -t*x + 273 = -122. Is x a prime number?
True
Suppose 54*b = 32440 + 48506. Is b a composite number?
False
Suppose 75*c - 52*c - 6470981 = 0. Is c a prime number?
False
Suppose 3*x - 10356 = -r, -4*x - 219*r = -221*r - 13818. Is x a composite number?
True
Suppose -3*n = 4*t - 3963, 2*t - 1524 = 4*n + 474. Suppose -16*b = -17*b + t. Is b a composite number?
True
Is 48/(-72)*25023/(-2) prime?
False
Let p(i) = -i**2 - 7*i - 12. Let k be p(-4). Let f(b) = 2*b + 177. Let h be f(k). Suppose 4*y + 2*z + h = 1527, 4*z = 2*y - 650. Is y composite?
True
Let d(p) = p + 6. Let r be d(-10). Let m = r + 4. Suppose i - 523 = -2*u - m*i, -4*u + i + 1031 = 0. Is u composite?
True
Let d(t) = t + 14. Let j be d(-13). Let u = j + 6. Suppose -u*m + 4385 = -2*m. Is m composite?
False
Suppose -3*d + 22952 = -5*t + 84053, 2*d = t - 12223. Is t prime?
False
Let z(q) be the second derivative of 11*q**3/6 - 3*q**2/2 - 13*q. Is z(19) composite?
True
Suppose 0 = 6*c - 7*c + 2243. Is c prime?
True
Let j(p) = -p**2 + p + 905. Let b be j(0). Suppose 0 = -6*r + 3287 - b. Is r a composite number?
False
Let c(q) = -q**2 + 14*q - 49. Let f be c(10). Is (245 - f) + (-1 - 2) composite?
False
Suppose 10 = 5*j - 0*j. Suppose -h = 5*v + 4*h - 8290, -2*v + j*h + 3312 = 0. Is v composite?
False
Let m = 68 + -67. Is m + -1 - 3/(3/(-3046)) a composite number?
True
Suppose 0 = -g + 4*n + 1611, -3*g = -2*n + 4*n - 4875. Is g composite?
True
Let g be (-3)/(9/(-6)) + 0. Is g/10 + 56310/75 prime?
True
Suppose 123*g = -9*g + 3760548. Is g prime?
False
Suppose 4804 = 2*a - 5*o, 0 = 4*a + 13*o - 8*o - 9638. Is a composite?
True
Let h(u) = -41*u**3 - 3*u**2 - 3*u - 9. Let f(b) = b**2 + 6*b + 4. Let m be f(-4). Is h(m) a composite number?
False
Suppose 18*m - 61847 = 25651. Is m a composite number?
False
Let g(m) = 132*m**2 + 51*m - 446. Is g(11) a composite number?
False
Is -30 + 34 + 1 + 2574 a composite number?
False
Suppose -s + 56427 = 4*x, -11*x + 10*x - 3*s = -14104. Is x a composite number?
False
Suppose -p + 2*p = -3*z + 18099, 2*p + 24142 = 4*z. Suppose 5*d = -f + 3024, -2*f + 4*d + z = -0*f. Is f a composite number?
False
Let c(z) = z - 7. Let m be c(-5). Is (14/2)/(m/(-36)) a prime number?
False
Let v(r) = -3*r**3 + 2*r**2 - r. Suppose 1 = -2*j + 3. Let d be v(j). Is (-2080)/d - (5 - 8) a composite number?
True
Let p = -679 + 2742. Is p composite?
False
Suppose d - 8 = n, -2*d + 0*d - 2 = 4*n. Suppose d*j - 194 = 11. Suppose u - j = -8. Is u prime?
False
Is 10/45 + (-2)/((-72)/406900) composite?
True
Let k(n) = -11137*n - 23. Is k(-1) prime?
False
Let j(d) = 72*d**3 - 8*d**2 - 20*d - 13. Is j(7) a composite number?
False
Let t(l) = -l**3 - 27*l**2 - 27*l - 21. Let h be t(-26). Suppose 2423 = 3*z + 4*m + 158, -h*m = -z + 736. Is z prime?
True
Suppose -20 = -4*x + 24. Let n(z) = 19*z**2 - 24*z - 4. Is n(x) composite?
True
Let b = 108954 - 30299. Is b a prime number?
False
Suppose -4*q = -3*o - 0*q - 19, -5*o - 5*q + 15 = 0. Is o/(-2) - 39*(-75)/10 a composite number?
False
Let l(m) = -95*m**3 - 3*m**2 - 8*m - 21. Is l(-5) composite?
True
Suppose -14*i = -3*i - 43703. Is i a composite number?
True
Suppose -3*h = 5*d + h - 4154, 2*d - 1656 = 4*h. Suppose -d = -i - 4*i. Suppose 0 = -3*c + b + 328 + i, -4*c + 677 = -5*b. Is c composite?
False
Let h(i) = i - 7. Let y(n) = 3*n - 13. Let w(p) = -7*h(p) + 4*y(p). Is w(8) a prime number?
True
Let k be 1 - (-1 + 0 + 1). Let z = 7 - k. Is (-1802)/(-8) - z/(-8) a prime number?
False
Suppose 0 = 5*z - v + 67, 0 = -z - v - 11 - 0. Let d = z + 4. Let m = d - -31. Is m a prime number?
False
Suppose 4*d - 46 = -w - 14, -4*w - 32 = -4*d. Is (d - 8716/(-8)) + 1/(-2) a prime number?
True
Is (-108)/(-18) + (8050 - -1) a prime number?
False
Let d = 18 + 20. Let a = -379 - -634. Suppose p - d = -5*q + 1300, -q = -4*p - a. Is q a prime number?
False
Let r(z) = -51*z - 5 - 4 - 235*z + 0. Is r(-2) prime?
True
Suppose -b - 5 = -1. Is ((-382)/b)/(-3 + 49/14) composite?
False
Let x(l) be the first derivative of 1053*l**2/2 - 7*l - 29. Is x(2) prime?
True
Let g = 22903 - 13464. Is g composite?
False
Suppose 11 = -3*p + 17. Suppose -865 = -m + 4*b + 122, -p*m + 1930 = 3*b. Is m prime?
True
Suppose 0 = 6*q + 303 + 501. Let k be (q/10)/1*-5. Is k*(-3 + 2)/(-1) a composite number?
False
Let k be 2 + -4 - (-3 - -5). Let t = k - -6. Suppose t*n = -3*n + 335. Is n composite?
False
Let z(s) = 106*s - 1. Let o be 1*2 - (7 + -12). Suppose -7*u + 2*u = m - o, m - 5*u = -3. Is z(m) composite?
False
Let h be 19/(0 - 4/(-80)). Suppose -4*q + 2*q + h = 0. Let b = 21 + q. Is b a prime number?
True
Suppose -5*l + 816 = -4*l. Suppose -404 = -f - 0*f + 3*k, 0 = 2*f + 2*k - l. Is f composite?
True
Suppose -5*q + 190045 = -30040. Is q a composite number?
False
Suppose 0 = 2*a + 5*j + 3, -4 = -2*a - j + 5. Suppose -a*n - 20 + 4478 = 0. Is n composite?
False
Let c(f) = 3*f**2 + 26*f - 19. Let m(d) = -d**2 - 9*d + 7. Let b(t) = 3*c(t) + 8*m(t). Is b(-7) a prime number?
False
Let s = -12 - -30. Let i = -8 + s. Suppose -5*h + 1648 = -u, 3*u + 677 - i = 2*h. Is h composite?
True
Let o = 77687 - 53102. Suppose -o = b - 16*b. Is b a composite number?
True
Suppose y - 5*y = 2*l + 2012, -y - 510 = -3*l. Let h = 37 - y. Is h composite?
False
Suppose 5*a + 36718 = 3*g, 5*a = -4*g + g + 36728. Suppose -g = -3*k - 3874. Is k composite?
False
Let x(r) be the first derivative of r**4/2 - 2*r**3/3 - r**2/2 - 2*r - 5. Let a be x(2). Suppose a*t - 101 = 3*y, 0*t = -t + 4*y + 22. Is t a prime number?
False
Let s(g) be the third derivative of -1601*g**6/120 + g**5/20 + g**4/24 + 7*g**2. Is s(-1) a prime number?
False
Is ((-2169)/(-15))/(-9 - 368/(-40)) a prime number?
False
Let z be (3*4)/(-4 + 5). Suppose -f + 1 = -5*w, w - z = -3*f + 7. Let l(u) = 12*u - 7. Is l(f) a composite number?
True
Let v be (-5 - (4 + -8))*0. Suppose v = -2*h - 1 - 1. Is (148/4*-1)/h a composite number?
False
Let w(g) = 3*g - 6. Let u be w(16). Is -1 + (-15)/(-21) + 38106/u composite?
False
Let z be (-9 + 3)*(-2)/3. Is 0 - -4 - z*5298/(-24) prime?
True
Let b = -53 + 53. Suppose b*z + 5*z = 1775. Is z a prime number?
False
Let g = 4062 + -983. Is g a prime number?
True
Suppose 0*w = -5*j - 2*w + 49507, -j = -5*w - 9896. Is j a prime number?
True
Let r(o) = -7*o**3 + 23*o**2 - 12*o - 23. Let l(y) = 4*y**3 - 12*y**2 + 6*y + 12. Let t(n) = 5*l(n) + 3*r(n). Let q be t(8). Let c = q + 70. Is c prime?
False
Suppose 24 = -r + 9*r. Suppose r*z = -3*z + 18114. Is z prime?
True
Suppose -4*i + 1052 = -5*b, 3*b = -4*i - 0*i + 1052. Suppose -2*h = -2*l + h - 207, 2*l - 5*h + 201 = 0. Let w = i + l. Is w prime?
False
Let q be 4 + -1*(5 + -4). Su